727
What are the prime factors of 314822187?
3, 449, 25969
List the prime factors of 2181360645.
3, 5, 19, 850433
List the prime factors of 670524892.
2, 29, 5780387
List the prime factors of 128973123.
3, 47, 304901
What are the prime factors of 358255837?
358255837
What are the prime factors of 82362954?
2, 3, 23, 53, 11261
What are the prime factors of 29644112?
2, 157, 11801
What are the prime factors of 217054797?
3, 197, 281, 1307
List the prime factors of 851649320.
2, 5, 103, 421, 491
What are the prime factors of 3064105003?
4813, 636631
List the prime factors of 602746688.
2, 9417917
List the prime factors of 3833397118.
2, 3697, 518447
What are the prime factors of 98932910?
2, 5, 241, 41051
What are the prime factors of 62747738?
2, 31373869
List the prime factors of 41180400.
2, 3, 5, 31, 41
What are the prime factors of 2476905333?
3, 7, 89, 263, 5039
What are the prime factors of 39142877?
39142877
What are the prime factors of 41141550?
2, 3, 5, 274277
List the prime factors of 307106563.
2767, 110989
What are the prime factors of 7505636?
2, 17, 23, 4799
List the prime factors of 285270365.
5, 89, 641057
What are the prime factors of 50661074?
2, 157, 161341
List the prime factors of 42638010.
2, 3, 5, 1421267
List the prime factors of 272124647.
107, 2543221
List the prime factors of 2465917818.
2, 3, 7, 13, 43, 105031
What are the prime factors of 36973539?
3, 239, 17189
List the prime factors of 76794725.
5, 7, 438827
What are the prime factors of 3954324215?
5, 790864843
What are the prime factors of 4351230214?
2, 9859, 220673
List the prime factors of 488103.
3, 7, 11, 2113
What are the prime factors of 116948135?
5, 19, 499, 2467
List the prime factors of 29633488.
2, 41, 199, 227
List the prime factors of 101718618.
2, 3, 127, 131, 1019
List the prime factors of 1605120902.
2, 7, 11, 37, 25609
List the prime factors of 285811103.
31, 9219713
List the prime factors of 28897511.
28897511
What are the prime factors of 518141303?
37, 53, 163, 1621
List the prime factors of 134199718.
2, 89, 753931
List the prime factors of 413310167.
15149, 27283
What are the prime factors of 128579149?
229, 439, 1279
List the prime factors of 3841211563.
7, 7159, 76651
What are the prime factors of 64709008?
2, 7, 13, 907
List the prime factors of 38581030.
2, 5, 3858103
List the prime factors of 1848749829.
3, 616249943
List the prime factors of 131212042.
2, 13, 367, 13751
List the prime factors of 1208503323.
3, 83, 1617809
List the prime factors of 135657745.
5, 47, 139, 4153
List the prime factors of 470364460.
2, 5, 23518223
What are the prime factors of 42914306?
2, 21457153
List the prime factors of 34000898.
2, 2027, 8387
What are the prime factors of 80584628?
2, 20146157
What are the prime factors of 84623376?
2, 3, 1762987
List the prime factors of 20810018.
2, 1019, 10211
List the prime factors of 735442873.
11, 66858443
List the prime factors of 282762212.
2, 70690553
List the prime factors of 294838465.
5, 58967693
What are the prime factors of 208966403?
208966403
List the prime factors of 402314520.
2, 3, 5, 17, 53, 61
List the prime factors of 48766893.
3, 7, 29, 80077
List the prime factors of 33577981.
37, 907513
List the prime factors of 842079926.
2, 271, 1553653
What are the prime factors of 348938806?
2, 83, 607, 3463
What are the prime factors of 201771619?
7, 37, 41, 19001
What are the prime factors of 290520317?
19, 1571, 9733
What are the prime factors of 2945911160?
2, 5, 107, 688297
List the prime factors of 29559390.
2, 3, 5, 7, 140759
List the prime factors of 3412361065.
5, 137, 4981549
List the prime factors of 58937252.
2, 11, 191, 7013
List the prime factors of 1026943178.
2, 513471589
List the prime factors of 113480859.
3, 37826953
What are the prime factors of 612042641?
7, 31, 37, 2459
List the prime factors of 40627412.
2, 7, 1450979
What are the prime factors of 29111866?
2, 7, 2079419
What are the prime factors of 675983121?
3, 11, 17, 19, 63419
List the prime factors of 2801745233.
7, 400249319
List the prime factors of 15653501.
23, 680587
List the prime factors of 18678124.
2, 41, 113891
List the prime factors of 293368247.
997, 294251
List the prime factors of 362705449.
362705449
What are the prime factors of 3457042210?
2, 5, 19, 1987, 9157
What are the prime factors of 1559334006?
2, 3, 86629667
List the prime factors of 7409329775.
5, 19, 53, 294313
List the prime factors of 198049967.
41, 4830487
What are the prime factors of 7547412036?
2, 3, 10771, 58393
List the prime factors of 147109072.
2, 11, 835847
What are the prime factors of 407727932?
2, 17, 5995999
What are the prime factors of 96137929?
19, 29, 149, 1171
What are the prime factors of 165883083?
3, 73, 757457
List the prime factors of 793618488.
2, 3, 13, 847883
List the prime factors of 28253559.
3, 1847, 5099
What are the prime factors of 131104811?
131104811
What are the prime factors of 5259499?
7, 751357
What are the prime factors of 981810?
2, 3, 5, 10909
What are the prime factors of 230069067?
3, 173, 443293
What are the prime factors of 3189284262?
2, 3, 2371, 74729
List the prime factors of 3660578719.
7, 53, 109, 131, 691
List the prime factors of 1365511676.
2, 341377919
What are the prime factors of 532149458?
2, 179, 1486451
What are the prime factors of 703627021?
149, 1597, 2957
What are the prime factors of 9169318?
2, 23, 53, 3761
What are the prime factors of 266756708?
2, 66689177
List the prime factors of 727820715.
3, 5, 48521381
List the prime factors of 4502231211.
3, 269, 2213, 2521
List the prime factors of 60913995.
3, 5, 4060933
What are the prime factors of 568898466?
2, 3, 191, 467, 1063
What are the prime factors of 4478412481?
4478412481
List the prime factors of 1834826666.
2, 79, 457, 25411
What are the prime factors of 150849768?
2, 3, 277, 22691
What are the prime factors of 1371722449?
1371722449
List the prime factors of 58760573.
103, 570491
What are the prime factors of 1802086580?
2, 5, 7, 12872047
List the prime factors of 3259761154.
2, 13, 125375429
What are the prime factors of 1006665161?
1006665161
List the prime factors of 2731505365.
5, 546301073
List the prime factors of 3873968225.
5, 139, 1114811
List the prime factors of 112696983.
3, 7, 941, 1901
List the prime factors of 21989590.
2, 5, 7, 314137
List the prime factors of 186885106.
2, 29, 233, 13829
What are the prime factors of 38638310?
2, 5, 3863831
List the prime factors of 3786457772.
2, 5279, 179317
List the prime factors of 46472907.
3, 13, 1191613
List the prime factors of 2506510560.
2, 3, 5, 23, 89, 2551
List the prime factors of 1149114734.
2, 29, 19812323
List the prime factors of 893469190.
2, 5, 89346919
What are the prime factors of 224198298?
2, 3, 89, 349, 401
List the prime factors of 91671747.
3, 30557249
What are the prime factors of 80990667?
3, 8998963
What are the prime factors of 2153913220?
2, 5, 277, 388793
List the prime factors of 23781661.
59, 403079
List the prime factors of 430028504.
2, 37, 977, 1487
What are the prime factors of 48510666?
2, 3, 2695037
List the prime factors of 2076182415.
3, 5, 73, 191, 1103
List the prime factors of 1770972312.
2, 3, 71, 139, 7477
List the prime factors of 6502544.
2, 47, 8647
List the prime factors of 713138190.
2, 3, 5, 61, 181, 2153
List the prime factors of 124924918.
2, 62462459
What are the prime factors of 142085237?
7, 23, 882517
List the prime factors of 140285362.
2, 7, 59, 169837
What are the prime factors of 311472584?
2, 38934073
What are the prime factors of 11356132?
2, 479, 5927
List the prime factors of 35075507.
35075507
List the prime factors of 5554064281.
5737, 968113
List the prime factors of 56276596.
2, 17, 197, 4201
List the prime factors of 145418084.
2, 7, 741929
What are the prime factors of 44869543?
44869543
What are the prime factors of 1404312052?
2, 11, 13, 2455091
What are the prime factors of 111709342?
2, 55854671
What are the prime factors of 59607614?
2, 11, 61, 44417
What are the prime factors of 94182315?
3, 5, 6278821
List the prime factors of 39051043.
79, 494317
List the prime factors of 2562435991.
691, 3708301
What are the prime factors of 533427468?
2, 3, 7, 67, 94781
List the prime factors of 99825158